. Give p(-3).
8
Suppose 3*i - 7 = -1. Suppose 2*k - 3*k + i = 0. Let n(w) = k*w + 2*w + 2 - 4. What is n(2)?
6
Let o = -10 - -15. Let j = o - 2. Let b(k) = k**3 + 4*k + 1 + 2*k**2 - 4*k**2 - j*k**2. Calculate b(3).
-5
Let b = 16 + -7. Let w(k) = k - 7. What is w(b)?
2
Let v(b) = 3*b. Suppose 2 = -t + 1. Let q(a) = -a. Let r(o) = t*v(o) - 2*q(o). What is r(-6)?
6
Let p(m) be the third derivative of m**6/120 - m**5/15 + m**4/12 - m**3 - 6*m**2. What is p(4)?
2
Let h(f) = f + 1. Suppose 0 = -3*b + 5*b + 6. Let g(y) = -y**3 - 4*y - 3. Let i(j) = b*h(j) - g(j). Let x be (2 - 7) + (-4)/(-1). Determine i(x).
-2
Let k(d) = -d**3 + 4*d**2 + 4*d - 9. Let c be k(4). Let b(l) = l**3 - 8*l**2 + 8*l - 9. What is b(c)?
-2
Let q(d) = 7*d - 7. Let n(l) = l - 1. Let j(p) = -6*n(p) + q(p). Suppose 13 = 6*c + 1. What is j(c)?
1
Let p(w) be the first derivative of -w**2/2 + 6*w + 4. Suppose 0 = -4*l + 3 + 1. Let q = l - 1. Give p(q).
6
Let c(t) be the first derivative of 1/3*t**3 + t**2 - 5 + 0*t. Determine c(2).
8
Suppose -i - 11 = -2*i + 4*j, 5*i + j = 13. Let m be (12/(-10))/((-2)/5). Let z(o) = 3*o**2 - o - 2*o**m + o**3 + 1 + 0*o**3 + o**2. Determine z(i).
7
Let q(a) = -a**3 - 2*a**2 + 3*a + 4. Let z be q(-3). Let j(v) = 3 - 12 + 5 - v. What is j(z)?
-8
Suppose 6*v + 3 = 3. Let g(b) be the second derivative of 3*b**2 - b + v - 1/6*b**3. Give g(5).
1
Let k be 3/(6 + -3) + 1*-1. Let v(c) = -c**3 - c**2 + c + 11. Give v(k).
11
Let u(j) be the first derivative of -3*j**2/2 - 4*j - 14. Determine u(-5).
11
Let q(k) be the second derivative of k**5/20 - k**4/3 + k**3/3 - k**2 - 31*k. Determine q(4).
6
Let r(k) be the second derivative of 3*k**5/20 + k**3/3 - k**2/2 + k. Let t = 17 - -1. Let m = -17 + t. Give r(m).
4
Let d(z) = z**3 - 2*z**2 - 4. Suppose 2*h - 8 = -2*g + 6, 4*h = -5*g + 32. Give d(h).
5
Suppose 2*d + 5*s + 30 = -d, 2*s + 16 = -2*d. Let i(q) = 2*q - 2*q + q + 7. What is i(d)?
2
Let j(z) = -z**3 + 6*z**2 + z + 1. Let m be 8/12 - (-6)/(-9). Suppose -5*y = -m*y - 30. Calculate j(y).
7
Let g(f) = 5*f**3 - 3*f**2 + 5*f - 1. Let n(y) = 4*y**3 - 4*y**2 + 4*y - 1. Let v(a) = -3*g(a) + 4*n(a). Calculate v(7).
6
Suppose i + 4*i = -3*y - 36, 0 = -2*i - 6. Let q(o) = -o**2 - 8*o - 3. Let s be q(y). Let m(d) = 2*d**2 - 7*d + 4. What is m(s)?
8
Let o = -18 - -12. Let p(b) be the third derivative of b**5/60 + 7*b**4/24 + 4*b**3/3 - 2*b**2. Let d be p(o). Let c(x) = -3*x. What is c(d)?
-6
Let m(u) = 3*u - 6. Let s(j) = -j + 1. Let o(d) = m(d) + 2*s(d). Give o(-5).
-9
Let l(y) = -y**2 + 5*y + 8. Suppose -3*s = -0*s + 36. Let z be (-16)/(-3) + (-8)/s. What is l(z)?
2
Let u = 7 + -1. Let s(c) be the first derivative of -c**4/4 + 7*c**3/3 - 5*c**2/2 + c - 2. What is s(u)?
7
Suppose -4*t = -5*t + 4. Let w = 4 - t. Let s(p) = 0 + 3*p - 3 + w + 7. What is s(-3)?
-5
Let d(s) = 7*s + 3*s + 3 - 2. Suppose 3*i - c = 6 - 1, 0 = 2*i - 5*c + 14. Let y = 2 - i. Give d(y).
-9
Suppose n = -2*q + 7, -2*n - q + 2 = -3*n. Let x(i) = 3*i - 1. Suppose y + 0*y = -2. Let u(m) = -4*m + 2. Let l(w) = y*u(w) - 3*x(w). Give l(n).
-2
Let h = -14 + 18. Suppose 32 = 3*p - 4*g, -g = 5*p - h*p + 1. Let f(u) = -u**2 + u + 5. What is f(p)?
-7
Let f(q) = -15*q**2 + 21*q - 3. Let i(a) = 7*a**2 - 10*a + 1. Let x(u) = 6*f(u) + 13*i(u). Let y = 51 - 46. Give x(y).
0
Let w(l) be the first derivative of l**6/60 + l**5/30 - l**4/24 + l**2/2 + 8. Let d(i) be the second derivative of w(i). Give d(1).
3
Let n(l) be the second derivative of -5*l**4/6 - l**2/2 + l. Let k be 0/2 - (-17 + 16). Calculate n(k).
-11
Let x(a) be the second derivative of -a**3/3 + 3*a. Let b(y) = y**3 + 4*y**2 + y - 4. Let i be b(-3). Suppose -i = d + d. What is x(d)?
2
Let t(z) be the second derivative of 2*z**3/3 - 2*z. Suppose 0 = 3*i - 4*q - 22, -i - q - 2 = -0. Give t(i).
8
Let f(r) = -4*r + 134. Let w be f(35). Let n(j) = -3 - j**3 + 7*j + 0*j**3 - j - 5*j**2. Determine n(w).
-3
Let g(b) = -6 - 2*b + 8 - 4 + b. Determine g(-5).
3
Let d(f) = 2*f**2 + 1. Suppose -2*j - v = 3*j + 19, 5*j = -3*v - 17. Let i = 6 + j. Give d(i).
9
Suppose -12 = 2*g - 2*n, -n = -g + 2*n - 16. Let u be (3 + -1 + g)*0. Let v(d) = d - 1. Determine v(u).
-1
Let z be -1 - 4/(-3 - -2). Let f(y) = 0*y - z - 2 - y. Suppose 27*d = 29*d + 10. Give f(d).
0
Let d(x) be the second derivative of -x**5/20 + 2*x**4/3 - x**3 - x**2 - 24*x. What is d(7)?
5
Let f be 39*(1 + 8/(-6)). Let s = 8 + f. Let v(b) = -1 + 10 + b - 2. What is v(s)?
2
Let k(v) = 7*v**2 + 3*v + 3 + 0 - 1. Let u(b) = 20*b**2 + 8*b + 6. Let c(p) = -17*k(p) + 6*u(p). Let f(s) = -s**2 - 8*s + 5. Let y be f(-8). Calculate c(y).
12
Suppose -4 + 0 = 2*s. Let m(x) = -x**3 - 2*x**2 - 4*x - 2. Determine m(s).
6
Let o(r) = -r + 7. Let u be o(6). Let f(m) = m**2 - 3*m**2 + 0*m**2 + 4*m + u. Calculate f(3).
-5
Let a(b) = b**2 + 6*b + 2. Let n be a(-7). Let c = -14 + n. Let s(q) = -q**3 - 5*q**2 + 2*q + 7. Calculate s(c).
-3
Let u(o) = -3*o**2 + 3*o + 3. Suppose 3*n = -3*b + 5 + 1, -4*b = n - 14. Calculate u(n).
-15
Let x(p) = 6 + p**3 - 1 + 5*p**2 + 0*p**3. Let n(f) = f**2 + 7*f + 1. Let q be n(-6). Let a be x(q). Let z(j) = -j**2 + 5*j - 5. What is z(a)?
-5
Let t(d) = -2*d - 4. Suppose 2*f + 13 = -w, -4*w = w - f + 21. Determine t(w).
6
Let i(b) = 2*b + 6. Let c(r) = -r**2 - 4*r - 10. Let w be c(-2). Determine i(w).
-6
Let v(s) = 2*s - 2. Let w be v(2). Let z(q) = 0*q + q**w - q - 4 - q. Give z(4).
4
Suppose 0 = z + 2*u, 4*z - 3*z + 6 = 4*u. Let r(n) = 6*n**2 - 2 + 4*n - 4*n**2 - 7*n. What is r(z)?
12
Let t = 0 + 1. Let b be (t/2)/(1/2). Let d(r) be the first derivative of -3*r**2/2 + r + 1. Determine d(b).
-2
Suppose -7*n - 6 = 8. Let i(l) = -l**3 - 2*l**2 - 2*l + 1. Give i(n).
5
Suppose 0 = v - 3*v. Let h(y) = -7*y**3 - 3*y**2 + 11. Let s(p) = 3*p**3 + p**2 - 5. Let d(b) = 2*h(b) + 5*s(b). What is d(v)?
-3
Let l(u) = -u - 1. Let h(b) = 2. Let g(q) = -5*q - 25. Let o(k) = 2*g(k) + 22*h(k). Let y(v) = 5*l(v) - o(v). Determine y(-1).
-4
Let n(g) = -4*g**3 - 2 + g**2 + 221*g + 3*g**3 - 226*g - 5*g**2. Calculate n(-4).
18
Let k(f) = -f**2 + 4*f + 3. Suppose -4*n + 20 = -0*n. Give k(n).
-2
Let d(a) = a**2 - a. Let p be 4/3*(-6)/4. What is d(p)?
6
Let u(w) be the first derivative of 3*w**2/2 - 4*w - 2. Let p(d) = -2*d + 5*d + 11*d - 2*d - 15. Let k(x) = 2*p(x) - 9*u(x). What is k(4)?
-6
Let j(c) = c + 2. Let z(a) = 3*a + 6. Let o(b) = 8*j(b) - 3*z(b). Determine o(-8).
6
Let u(k) = -k**3 - 7*k**2 - 4*k + 3. Let b = 28 + -34. Determine u(b).
-9
Let n(i) = i - 11. Let c be n(8). Let z = c - -6. Let m(l) = -2*l + l - 6 + z*l. Calculate m(4).
2
Let p(i) = -i**2 - 5*i + 1. Suppose 4*b + s + 1 = 3*b, -s = -2*b + 13. Let a be b/2 + (-22)/2. Let j = 5 + a. Calculate p(j).
5
Let z(g) = -7*g**2 - 3*g. Let b(h) = -h. Let t = 4 - 2. Let n(c) = t*b(c) - z(c). Determine n(1).
8
Let u(d) be the second derivative of -d**5/20 + d**4/4 + 5*d**3/6 - 2*d**2 + 11*d. Give u(3).
11
Suppose 0 = 2*g - 5*g + 6, 3*f = 5*g - 7. Let i(h) = 9*h. What is i(f)?
9
Let j be 4/2*(3 + -6). Let c = j + 4. Let z = -6 - c. Let s(h) = -h**2 - 4*h - 6. What is s(z)?
-6
Let s(x) be the third derivative of 2*x**2 + 0*x - 1/30*x**5 + 1/8*x**4 - 1/2*x**3 + 0. Let j(f) = f**2 - 2*f - 1. Let h be j(-1). What is s(h)?
-5
Suppose 5*j + 1 = -2*h, 3*h - 3*j + 7*j - 16 = 0. Suppose 2*d - h = -d. Let s(g) = g**2 - 3*g. Calculate s(d).
4
Let t be (-12)/4 + -3 + 10. Suppose 23 = -c + t*x, 6*x - 4*x - 10 = 0. Let n(d) be the first derivative of 3*d**2/2 - 2*d + 1. Determine n(c).
-11
Let h(w) = -2*w - 1. Let v(r) = -r. Let f(o) = 3*h(o) - 4*v(o). Determine f(-4).
5
Let s(i) = 3 + 5*i + 0*i - i**2 + 6*i**3 - 7*i**3. Determine s(-3).
6
Let t(u) = -22*u - 1 + 5 - u**2 + 22*u. Let x be 0 + 5 + -2 + 2. Suppose 5*d + 4*c - 4 = 8, 0 = 3*d + x*c - 15. Give t(d).
4
Let i(k) = k**2 + 8*k + 6. Let j(f) = -f**3 + 10*f**2 - f + 4. Let y be j(10). Determine i(y).
-6
Let x(b) = -b**2 + 5*b - 1. Let i be ((-8)/(4/2*-1))/1. Give x(i).
3
Let w be 165/(-35) + 4/(-14). Let o(j) = j**3 + 4*j**2 - 4*j + 4. What is o(w)?
-1
Let l(z) be the first derivative of -z**4/12 + 5*z**3/6 - 3*z**2/2 - 2*z + 1. Let f(p) be the first derivative of l(p). Determine f(5).
-3
Let g(x) = 15*x - 31. Let i(z) = 7*z - 15. Let h(m) = -6*g(m) + 13*i(m). Let s = 7 - -1. Suppose 0 = -3*y + s*y. Give h(y).
-9
Let c(i